{"id":14,"date":"2026-03-11T22:08:11","date_gmt":"2026-03-11T21:08:11","guid":{"rendered":"https:\/\/ausbau-kaluzinski.de\/?page_id=14"},"modified":"2026-03-11T22:08:16","modified_gmt":"2026-03-11T21:08:16","slug":"datenschutz","status":"publish","type":"page","link":"https:\/\/ausbau-kaluzinski.de\/?page_id=14","title":{"rendered":"Datenschutz"},"content":{"rendered":"\t\t<div data-elementor-type=\"wp-page\" data-elementor-id=\"14\" class=\"elementor elementor-14\">\n\t\t\t\t<div class=\"elementor-element elementor-element-ffe2453 e-flex e-con-boxed e-con e-parent\" data-id=\"ffe2453\" data-element_type=\"container\" data-e-type=\"container\">\n\t\t\t\t\t<div class=\"e-con-inner\">\n\t\t\t\t<div class=\"elementor-element elementor-element-e58dfca elementor-widget elementor-widget-text-editor\" data-id=\"e58dfca\" data-element_type=\"widget\" data-e-type=\"widget\" data-widget_type=\"text-editor.default\">\n\t\t\t\t\t\t\t\t\t<h4 data-path-to-node=\"8\"><b data-path-to-node=\"8\" data-index-in-node=\"0\">Datenschutzerkl\u00e4rung<\/b><\/h4><p data-path-to-node=\"9\"><b data-path-to-node=\"9\" data-index-in-node=\"0\">1. Datenschutz auf einen Blick<\/b>\nDie Betreiber dieser Seiten nehmen den Schutz Ihrer pers\u00f6nlichen Daten sehr ernst. Wir behandeln Ihre personenbezogenen Daten vertraulich und entsprechend der gesetzlichen Datenschutzvorschriften sowie dieser Datenschutzerkl\u00e4rung.<\/p><p data-path-to-node=\"10\"><b data-path-to-node=\"10\" data-index-in-node=\"0\">2. Hosting und Content Delivery Networks (CDN)<\/b>\nWir hosten unsere Website bei:\n<b data-path-to-node=\"10\" data-index-in-node=\"78\">LH.pl Sp. z o.o.<\/b>\nul. Pami\u0105tkowa 2, 61-512 Pozna\u0144, Polen.\nBeim Besuch unserer Website werden personenbezogene Daten (z. B. IP-Adressen) auf den Servern von LH.pl verarbeitet. Die Nutzung erfolgt auf Grundlage von Art. 6 Abs. 1 lit. f DSGVO (berechtigtes Interesse an einer sicheren und schnellen Bereitstellung unseres Online-Angebots).<\/p><p data-path-to-node=\"11\"><b data-path-to-node=\"11\" data-index-in-node=\"0\">3. Datenerfassung auf dieser Website<\/b>\n<b data-path-to-node=\"11\" data-index-in-node=\"37\">Kontaktformular:<\/b> Wenn Sie uns per Kontaktformular Anfragen zukommen lassen, werden Ihre Angaben aus dem Anfrageformular inklusive der von Ihnen dort angegebenen K<span class=\"citation-271 citation-end-271\">ontaktdaten zwecks Bearbeitung der Anfrage und f\u00fcr den Fall von Anschlussfragen bei uns gespeichert.<source-footnote ng-version=\"0.0.0-PLACEHOLDER\" _nghost-ng-c1477909251=\"\"><sup _ngcontent-ng-c1477909251=\"\" class=\"superscript\"><!----><\/sup><\/source-footnote><\/span><\/p><p data-path-to-node=\"12\"><b data-path-to-node=\"12\" data-index-in-node=\"0\"><span class=\"citation-270 citation-end-270\">4. Plugins und Tools<source-footnote ng-version=\"0.0.0-PLACEHOLDER\" _nghost-ng-c1477909251=\"\"><sup _ngcontent-ng-c1477909251=\"\" class=\"superscript\"><!----><\/sup><\/source-footnote><\/span><\/b>\n<span class=\"citation-269\"><\/span><b data-path-to-node=\"12\" data-index-in-node=\"21\">Elementor:<\/b><span class=\"citation-269 citation-end-269\"> Unsere Website nutzt den Page-Builder Elementor. Dieser dient der grafischen Gestaltung der Seite. Es werde<source-footnote ng-version=\"0.0.0-PLACEHOLDER\" _nghost-ng-c1477909251=\"\"><sup _ngcontent-ng-c1477909251=\"\" class=\"superscript\"><!----><\/sup><\/source-footnote><\/span>n dabei keine personenbezogenen Daten an Elementor \u00fcbertragen, die \u00fcber das technisch notwendige Ma\u00df hinausgehen.\n<b data-path-to-node=\"12\" data-index-in-node=\"253\">Google Web Fonts (lokales Hosting):<\/b> Zur einheitlichen Darstellung von Schriftarten nutzen wir Web Fonts. Diese werden lokal auf unserem Server bei LH.pl installiert. Eine Verbindung do Servern von Google findet nicht statt.<\/p><p data-path-to-node=\"13\"><b data-path-to-node=\"13\" data-index-in-node=\"0\">5. Ihre Rechte<\/b>\nSie haben jederzeit das Recht, unentgeltlich Auskunft \u00fcber Herkunft, Empf\u00e4nger und Zweck Ihrer gespeicherten personenbezogenen Daten zu erhalten. Sie haben au\u00dferdem ein Recht, die Berichtigung oder L\u00f6schung dieser Daten zu verlangen.<\/p>\t\t\t\t\t\t\t\t<\/div>\n\t\t\t\t\t<\/div>\n\t\t\t\t<\/div>\n\t\t\t\t<\/div>\n\t\t","protected":false},"excerpt":{"rendered":"<p>Datenschutzerkl\u00e4rung 1. Datenschutz auf einen Blick Die Betreiber dieser Seiten nehmen den Schutz Ihrer pers\u00f6nlichen Daten sehr ernst. Wir behandeln [&hellip;]<\/p>\n","protected":false},"author":1,"featured_media":0,"parent":0,"menu_order":0,"comment_status":"closed","ping_status":"closed","template":"","meta":{"site-sidebar-layout":"no-sidebar","site-content-layout":"","ast-site-content-layout":"full-width-container","site-content-style":"default","site-sidebar-style":"default","ast-global-header-display":"","ast-banner-title-visibility":"","ast-main-header-display":"","ast-hfb-above-header-display":"","ast-hfb-below-header-display":"","ast-hfb-mobile-header-display":"","site-post-title":"","ast-breadcrumbs-content":"","ast-featured-img":"disabled","footer-sml-layout":"","ast-disable-related-posts":"","theme-transparent-header-meta":"","adv-header-id-meta":"","stick-header-meta":"","header-above-stick-meta":"","header-main-stick-meta":"","header-below-stick-meta":"","astra-migrate-meta-layouts":"default","ast-page-background-enabled":"default","ast-page-background-meta":{"desktop":{"background-color":"var(--ast-global-color-5)","background-image":"","background-repeat":"repeat","background-position":"center center","background-size":"auto","background-attachment":"scroll","background-type":"","background-media":"","overlay-type":"","overlay-color":"","overlay-opacity":"","overlay-gradient":""},"tablet":{"background-color":"","background-image":"","background-repeat":"repeat","background-position":"center center","background-size":"auto","background-attachment":"scroll","background-type":"","background-media":"","overlay-type":"","overlay-color":"","overlay-opacity":"","overlay-gradient":""},"mobile":{"background-color":"","background-image":"","background-repeat":"repeat","background-position":"center center","background-size":"auto","background-attachment":"scroll","background-type":"","background-media":"","overlay-type":"","overlay-color":"","overlay-opacity":"","overlay-gradient":""}},"ast-content-background-meta":{"desktop":{"background-color":"var(--ast-global-color-4)","background-image":"","background-repeat":"repeat","background-position":"center center","background-size":"auto","background-attachment":"scroll","background-type":"","background-media":"","overlay-type":"","overlay-color":"","overlay-opacity":"","overlay-gradient":""},"tablet":{"background-color":"var(--ast-global-color-4)","background-image":"","background-repeat":"repeat","background-position":"center center","background-size":"auto","background-attachment":"scroll","background-type":"","background-media":"","overlay-type":"","overlay-color":"","overlay-opacity":"","overlay-gradient":""},"mobile":{"background-color":"var(--ast-global-color-4)","background-image":"","background-repeat":"repeat","background-position":"center center","background-size":"auto","background-attachment":"scroll","background-type":"","background-media":"","overlay-type":"","overlay-color":"","overlay-opacity":"","overlay-gradient":""}},"footnotes":""},"class_list":["post-14","page","type-page","status-publish","hentry"],"_links":{"self":[{"href":"https:\/\/ausbau-kaluzinski.de\/index.php?rest_route=\/wp\/v2\/pages\/14","targetHints":{"allow":["GET"]}}],"collection":[{"href":"https:\/\/ausbau-kaluzinski.de\/index.php?rest_route=\/wp\/v2\/pages"}],"about":[{"href":"https:\/\/ausbau-kaluzinski.de\/index.php?rest_route=\/wp\/v2\/types\/page"}],"author":[{"embeddable":true,"href":"https:\/\/ausbau-kaluzinski.de\/index.php?rest_route=\/wp\/v2\/users\/1"}],"replies":[{"embeddable":true,"href":"https:\/\/ausbau-kaluzinski.de\/index.php?rest_route=%2Fwp%2Fv2%2Fcomments&post=14"}],"version-history":[{"count":4,"href":"https:\/\/ausbau-kaluzinski.de\/index.php?rest_route=\/wp\/v2\/pages\/14\/revisions"}],"predecessor-version":[{"id":18,"href":"https:\/\/ausbau-kaluzinski.de\/index.php?rest_route=\/wp\/v2\/pages\/14\/revisions\/18"}],"wp:attachment":[{"href":"https:\/\/ausbau-kaluzinski.de\/index.php?rest_route=%2Fwp%2Fv2%2Fmedia&parent=14"}],"curies":[{"name":"wp","href":"https:\/\/api.w.org\/{rel}","templated":true}]}}